{"id":977,"date":"2022-04-04T09:17:50","date_gmt":"2022-04-04T09:17:50","guid":{"rendered":"https:\/\/new.liedm.lt\/?page_id=977"},"modified":"2022-05-18T11:29:03","modified_gmt":"2022-05-18T11:29:03","slug":"archyvas-2","status":"publish","type":"page","link":"https:\/\/www.liedm.lt\/index.php\/archyvas-2\/","title":{"rendered":"Archyvas"},"content":{"rendered":"\n<section id=\"g76ae58\" class=\"wp-block-gutentor-p4 section-g76ae58 gutentor-post-module gutentor-advanced-post-module\" data-gpid=\"977\" data-l-ani=\"gp4-animation-1\" data-i-b=\"gutentor\/p1\" data-maxnumpages=\"2\">\n\n<section class=\"gutentor-post-module section-a1640dd7-a964-4e1e-a3e9-60aea2df0bd3 gutentor-post-module-p1 gutentor_p1_template1 wp-block-gutentor-p1  gutentor-enabled-width gutentor-blog-list\" id=\"a1640dd7-a964-4e1e-a3e9-60aea2df0bd3\" data-gbid=\"a1640dd7-a964-4e1e-a3e9-60aea2df0bd3\" >\n<div class='grid-container'><div class='grid-row' ><article class='gutentor-post'><div class='gutentor-post-item'><div class='gutentor-post-image-box'><div class=\"gutentor-image-thumb\"><img loading=\"lazy\" decoding=\"async\" width=\"150\" height=\"150\" src=\"https:\/\/www.liedm.lt\/wp-content\/uploads\/2024\/05\/Liedm-188-1-150x150.jpg\" class=\"attachment-thumbnail size-thumbnail wp-post-image\" alt=\"\" \/><\/div><\/div><div class=\"gutentor-post-content\"><div class=\"gutentor-post-title-data-wrap\"><h3 class=\"gutentor-post-title\"><a href=\"https:\/\/www.liedm.lt\/index.php\/liedm-konsorciumo-konferencija-25-nuotolinio-mokymosi-tinklo-metai-pasiekimai-issukiai-ir-vizijos\/\" rel=\"bookmark\">LieDM konsorciumo konferencija \u201e25 nuotolinio mokymosi tinklo metai: pasiekimai, i\u0161\u0161\u016bkiai ir vizijos<\/a><\/h3><\/div><div class=\"gutentor-entry-meta gutentor-entry-meta-primary\"><div class=\"gutentor-meta-categories\"><i class=\"fas fa-tags\"><\/i><a href=\"https:\/\/www.liedm.lt\/index.php\/category\/naujienos\/\" rel=\"category tag\">Naujienos<\/a><\/div><div class=\"author vcard\"><i class=\"far fa-user\"><\/i><a href=\"https:\/\/www.liedm.lt\/index.php\/liedm-konsorciumo-konferencija-25-nuotolinio-mokymosi-tinklo-metai-pasiekimai-issukiai-ir-vizijos\/\" rel=\"bookmark\">liedm<\/a><\/div><div class=\"posted-on\"><i class=\"far fa-calendar-alt\"><\/i><a href=\"https:\/\/www.liedm.lt\/index.php\/liedm-konsorciumo-konferencija-25-nuotolinio-mokymosi-tinklo-metai-pasiekimai-issukiai-ir-vizijos\/\" rel=\"bookmark\">20 gegu\u017e\u0117s, 2024<\/a><\/div><\/div><div class=\"gutentor-post-desc\">2024 m. gegu\u017e\u0117s 16 d. KTU Santakos sl\u0117nyje, Kaune, \u012fvyko LieDM konsorciumo konferencija, skirta pami&hellip;<\/div><\/div><\/div><\/article><article class='gutentor-post'><div class='gutentor-post-item'><div class='gutentor-post-image-box'><div class=\"gutentor-image-thumb\"><img loading=\"lazy\" decoding=\"async\" width=\"150\" height=\"150\" src=\"https:\/\/www.liedm.lt\/wp-content\/uploads\/2024\/03\/kartu-150x150.jpg\" class=\"attachment-thumbnail size-thumbnail wp-post-image\" alt=\"\" \/><\/div><\/div><div class=\"gutentor-post-content\"><div class=\"gutentor-post-title-data-wrap\"><h3 class=\"gutentor-post-title\"><a href=\"https:\/\/www.liedm.lt\/index.php\/2024-m-kovo-26-d-liedm-valdybos-isvaziuojamasis-posedis-vyko-vilniustech\/\" rel=\"bookmark\">2024 m. kovo 26 d. LieDM valdybos i\u0161va\u017eiuojamasis pos\u0117dis vyko VILNIUSTECH<\/a><\/h3><\/div><div class=\"gutentor-entry-meta gutentor-entry-meta-primary\"><div class=\"gutentor-meta-categories\"><i class=\"fas fa-tags\"><\/i><a href=\"https:\/\/www.liedm.lt\/index.php\/category\/naujienos\/\" rel=\"category tag\">Naujienos<\/a><\/div><div class=\"author vcard\"><i class=\"far fa-user\"><\/i><a href=\"https:\/\/www.liedm.lt\/index.php\/2024-m-kovo-26-d-liedm-valdybos-isvaziuojamasis-posedis-vyko-vilniustech\/\" rel=\"bookmark\">liedm<\/a><\/div><div class=\"posted-on\"><i class=\"far fa-calendar-alt\"><\/i><a href=\"https:\/\/www.liedm.lt\/index.php\/2024-m-kovo-26-d-liedm-valdybos-isvaziuojamasis-posedis-vyko-vilniustech\/\" rel=\"bookmark\">27 kovo, 2024<\/a><\/div><\/div><div class=\"gutentor-post-desc\">LIEDM palaikymo ir pl\u0117tros konsorciumo valdyba kovo 26 d. lank\u0117si Vilniaus Gedimino technikos univer&hellip;<\/div><\/div><\/div><\/article><article class='gutentor-post gutentor-post-no-thumb'><div class='gutentor-post-item'><div class=\"gutentor-post-content\"><div class=\"gutentor-post-title-data-wrap\"><h3 class=\"gutentor-post-title\"><a href=\"https:\/\/www.liedm.lt\/index.php\/liedm-mokymu-anonsas-kovo-men\/\" rel=\"bookmark\">LieDM mokym\u0173 anonsas<\/a><\/h3><\/div><div class=\"gutentor-entry-meta gutentor-entry-meta-primary\"><div class=\"gutentor-meta-categories\"><i class=\"fas fa-tags\"><\/i><a href=\"https:\/\/www.liedm.lt\/index.php\/category\/naujienos\/\" rel=\"category tag\">Naujienos<\/a><\/div><div class=\"author vcard\"><i class=\"far fa-user\"><\/i><a href=\"https:\/\/www.liedm.lt\/index.php\/liedm-mokymu-anonsas-kovo-men\/\" rel=\"bookmark\">Elena Vainikevi\u010dien\u0117<\/a><\/div><div class=\"posted-on\"><i class=\"far fa-calendar-alt\"><\/i><a href=\"https:\/\/www.liedm.lt\/index.php\/liedm-mokymu-anonsas-kovo-men\/\" rel=\"bookmark\">22 vasario, 2024<\/a><\/div><\/div><div class=\"gutentor-post-desc\">Mokymai vyks rugs\u0117jo m\u0117n. Informacija rengiama&hellip;<\/div><\/div><\/div><\/article><article class='gutentor-post'><div class='gutentor-post-item'><div class='gutentor-post-image-box'><div class=\"gutentor-image-thumb\"><img loading=\"lazy\" decoding=\"async\" width=\"150\" height=\"150\" src=\"https:\/\/www.liedm.lt\/wp-content\/uploads\/2023\/11\/IMG_3609-Enhanced-NR-001-150x150.jpg\" class=\"attachment-thumbnail size-thumbnail wp-post-image\" alt=\"\" \/><\/div><\/div><div class=\"gutentor-post-content\"><div class=\"gutentor-post-title-data-wrap\"><h3 class=\"gutentor-post-title\"><a href=\"https:\/\/www.liedm.lt\/index.php\/2023-m-lapkricio-16-17-d-vyko-liedm-konsorciumo-visuotinis-nariu-susirinkimas-ir-seminaras\/\" rel=\"bookmark\">2023 m. lapkri\u010dio 16-17 d. vyko LieDM konsorciumo visuotinis nari\u0173 susirinkimas ir seminaras<\/a><\/h3><\/div><div class=\"gutentor-entry-meta gutentor-entry-meta-primary\"><div class=\"gutentor-meta-categories\"><i class=\"fas fa-tags\"><\/i><a href=\"https:\/\/www.liedm.lt\/index.php\/category\/naujienos\/\" rel=\"category tag\">Naujienos<\/a><\/div><div class=\"author vcard\"><i class=\"far fa-user\"><\/i><a href=\"https:\/\/www.liedm.lt\/index.php\/2023-m-lapkricio-16-17-d-vyko-liedm-konsorciumo-visuotinis-nariu-susirinkimas-ir-seminaras\/\" rel=\"bookmark\">Elena Vainikevi\u010dien\u0117<\/a><\/div><div class=\"posted-on\"><i class=\"far fa-calendar-alt\"><\/i><a href=\"https:\/\/www.liedm.lt\/index.php\/2023-m-lapkricio-16-17-d-vyko-liedm-konsorciumo-visuotinis-nariu-susirinkimas-ir-seminaras\/\" rel=\"bookmark\">18 lapkri\u010dio, 2023<\/a><\/div><\/div><div class=\"gutentor-post-desc\">2023 m. lapkri\u010dio 16-17 d. Druskininkuose vyko LieDM konsorciumo visuotinis nari\u0173 susirinkimas ir se&hellip;<\/div><\/div><\/div><\/article><article class='gutentor-post'><div class='gutentor-post-item'><div class='gutentor-post-image-box'><div class=\"gutentor-image-thumb\"><img loading=\"lazy\" decoding=\"async\" width=\"150\" height=\"150\" src=\"https:\/\/www.liedm.lt\/wp-content\/uploads\/2022\/04\/LIEDM_logo-150x150.png\" class=\"attachment-thumbnail size-thumbnail wp-post-image\" alt=\"\" \/><\/div><\/div><div class=\"gutentor-post-content\"><div class=\"gutentor-post-title-data-wrap\"><h3 class=\"gutentor-post-title\"><a href=\"https:\/\/www.liedm.lt\/index.php\/priimti-nauji-liedm-konsorciumo-asocijuoti-nariai\/\" rel=\"bookmark\">Priimti nauji LieDM konsorciumo asocijuoti nariai<\/a><\/h3><\/div><div class=\"gutentor-entry-meta gutentor-entry-meta-primary\"><div class=\"gutentor-meta-categories\"><i class=\"fas fa-tags\"><\/i><a href=\"https:\/\/www.liedm.lt\/index.php\/category\/naujienos\/\" rel=\"category tag\">Naujienos<\/a><\/div><div class=\"author vcard\"><i class=\"far fa-user\"><\/i><a href=\"https:\/\/www.liedm.lt\/index.php\/priimti-nauji-liedm-konsorciumo-asocijuoti-nariai\/\" rel=\"bookmark\">liedm<\/a><\/div><div class=\"posted-on\"><i class=\"far fa-calendar-alt\"><\/i><a href=\"https:\/\/www.liedm.lt\/index.php\/priimti-nauji-liedm-konsorciumo-asocijuoti-nariai\/\" rel=\"bookmark\">18 liepos, 2023<\/a><\/div><\/div><div class=\"gutentor-post-desc\">Sveikiname naujus LieDM konsorciumo narius! 2023 m. liepos 18 d. Lietuvos edukacini\u0173 tyrim\u0173 asociaci&hellip;<\/div><\/div><\/div><\/article><article class='gutentor-post'><div class='gutentor-post-item'><div class='gutentor-post-image-box'><div class=\"gutentor-image-thumb\"><img loading=\"lazy\" decoding=\"async\" width=\"150\" height=\"150\" src=\"https:\/\/www.liedm.lt\/wp-content\/uploads\/2023\/06\/IMG_2134-1-150x150.jpg\" class=\"attachment-thumbnail size-thumbnail wp-post-image\" alt=\"\" \/><\/div><\/div><div class=\"gutentor-post-content\"><div class=\"gutentor-post-title-data-wrap\"><h3 class=\"gutentor-post-title\"><a href=\"https:\/\/www.liedm.lt\/index.php\/liedm-konsorciumo-visuotinis-susirinkmas-ir-kasmetinis-seminaras\/\" rel=\"bookmark\">LieDM konsorciumo visuotinis susirinkmas ir kasmetinis seminaras<\/a><\/h3><\/div><div class=\"gutentor-entry-meta gutentor-entry-meta-primary\"><div class=\"gutentor-meta-categories\"><i class=\"fas fa-tags\"><\/i><a href=\"https:\/\/www.liedm.lt\/index.php\/category\/naujienos\/\" rel=\"category tag\">Naujienos<\/a><\/div><div class=\"author vcard\"><i class=\"far fa-user\"><\/i><a href=\"https:\/\/www.liedm.lt\/index.php\/liedm-konsorciumo-visuotinis-susirinkmas-ir-kasmetinis-seminaras\/\" rel=\"bookmark\">liedm<\/a><\/div><div class=\"posted-on\"><i class=\"far fa-calendar-alt\"><\/i><a href=\"https:\/\/www.liedm.lt\/index.php\/liedm-konsorciumo-visuotinis-susirinkmas-ir-kasmetinis-seminaras\/\" rel=\"bookmark\">26 gegu\u017e\u0117s, 2023<\/a><\/div><\/div><div class=\"gutentor-post-desc\">2023 m.  gegu\u017e\u0117s 25-26 dienomis Palangoje vyko Lietuvos nuotolinio mokymosi tinklo LieDM palaikymo i&hellip;<\/div><\/div><\/div><\/article><\/div><\/div><\/section>\n\n\n<div id=\"section-g632bf4\" class=\"wp-block-gutentor-e17 section-g632bf4 gutentor-element gutentor-post-footer\"><div class=\"grid-container\"><div class=\"grid-row\">\n<div id=\"col-gm6b249b\" class=\"wp-block-gutentor-e15 gutentor-single-column  grid-lg-12 grid-md-12 grid-12\"><div id=\"section-gm6b249b\" class=\"section-gm6b249b gutentor-col-wrap\">\n<div id=\"section-g793432\" class=\"wp-block-gutentor-e12 section-g793432 gutentor-element gutentor-element-pagination text-align-center-mobile\"><div class=\"gutentor-pagination-wrap\" data-maxnumpages=\"2\"><ul class=\"gutentor-pagination\"><li class=\"gutentor-pagination-item gutentor-pagination-prev\"><a class=\"gutentor-pagination-link gutentor-disabled\" href=\"#\"><i class=\"fas fa-chevron-left\"><\/i>Atgal<\/a><\/li><li class=\"gutentor-pagination-item gutentor-pagination-active\" data-gpage=\"1\"><a class=\"gutentor-pagination-link\" href=\"#\">1<\/a><\/li><li class=\"gutentor-pagination-item\"><a class=\"gutentor-pagination-link\" href=\"#\" data-gpage=\"2\">2<\/a><\/li><li class=\"gutentor-pagination-item gutentor-pagination-next\"><a class=\"gutentor-pagination-link\" href=\"#\" data-gpage=\"2\">Pirmyn<i class=\"fas fa-chevron-right\"><\/i><\/a><\/li><\/ul><\/div><\/div>\n<\/div><\/div>\n<\/div><\/div><\/div>\n<\/section>\n","protected":false},"excerpt":{"rendered":"","protected":false},"author":1,"featured_media":0,"parent":0,"menu_order":0,"comment_status":"closed","ping_status":"closed","template":"","meta":{"footnotes":""},"class_list":["post-977","page","type-page","status-publish","hentry"],"_links":{"self":[{"href":"https:\/\/www.liedm.lt\/index.php\/wp-json\/wp\/v2\/pages\/977","targetHints":{"allow":["GET"]}}],"collection":[{"href":"https:\/\/www.liedm.lt\/index.php\/wp-json\/wp\/v2\/pages"}],"about":[{"href":"https:\/\/www.liedm.lt\/index.php\/wp-json\/wp\/v2\/types\/page"}],"author":[{"embeddable":true,"href":"https:\/\/www.liedm.lt\/index.php\/wp-json\/wp\/v2\/users\/1"}],"replies":[{"embeddable":true,"href":"https:\/\/www.liedm.lt\/index.php\/wp-json\/wp\/v2\/comments?post=977"}],"version-history":[{"count":0,"href":"https:\/\/www.liedm.lt\/index.php\/wp-json\/wp\/v2\/pages\/977\/revisions"}],"wp:attachment":[{"href":"https:\/\/www.liedm.lt\/index.php\/wp-json\/wp\/v2\/media?parent=977"}],"curies":[{"name":"wp","href":"https:\/\/api.w.org\/{rel}","templated":true}]}}